{"id":1341,"date":"2015-10-15T23:01:46","date_gmt":"2015-10-15T23:01:46","guid":{"rendered":"http:\/\/www.entremundos.org\/revista\/?page_id=1341"},"modified":"2025-08-29T12:48:52","modified_gmt":"2025-08-29T20:48:52","slug":"multimedia","status":"publish","type":"page","link":"https:\/\/www.entremundos.org\/revista\/multimedia\/","title":{"rendered":"PODCAST: RADIO ENTREMUNDOS EDICI\u00d3N 19"},"content":{"rendered":"<p>Te invitamos a escuchar estos relatos de activistas y periodistas que est\u00e1n en el exilio por la situaci\u00f3n de persecuci\u00f3n y criminalizaci\u00f3n en Guatemala. Esta es la primera entrega de una serie de radio ENTREMUNDOS.<\/p>\n<audio class=\"wp-audio-shortcode\" id=\"audio-1341-1\" preload=\"none\" style=\"width: 100%;\" controls=\"controls\"><source type=\"audio\/mpeg\" src=\"https:\/\/www.entremundos.org\/revista\/wp-content\/uploads\/2025\/08\/podcast-edicion-19-radio-entremundos.mp3?_=1\" \/><a href=\"https:\/\/www.entremundos.org\/revista\/wp-content\/uploads\/2025\/08\/podcast-edicion-19-radio-entremundos.mp3\">https:\/\/www.entremundos.org\/revista\/wp-content\/uploads\/2025\/08\/podcast-edicion-19-radio-entremundos.mp3<\/a><\/audio>\n","protected":false},"excerpt":{"rendered":"<p>Te invitamos a escuchar estos relatos de activistas y periodistas que est\u00e1n en el exilio por la situaci\u00f3n de persecuci\u00f3n y criminalizaci\u00f3n en Guatemala. Esta es la primera entrega de una serie de radio ENTREMUNDOS.<\/p>\n","protected":false},"author":1,"featured_media":13056,"parent":0,"menu_order":0,"comment_status":"closed","ping_status":"closed","template":"","meta":{"_exactmetrics_skip_tracking":false,"_exactmetrics_sitenote_active":false,"_exactmetrics_sitenote_note":"","_exactmetrics_sitenote_category":0,"jetpack_post_was_ever_published":false,"footnotes":""},"class_list":["post-1341","page","type-page","status-publish","has-post-thumbnail","hentry"],"jetpack_shortlink":"https:\/\/wp.me\/P7ljt7-lD","jetpack-related-posts":[{"id":270,"url":"https:\/\/www.entremundos.org\/revista\/copyright-notice-noticia-de-derechos-de-autor\/","url_meta":{"origin":1341,"position":0},"title":"Copyright Notice \/Noticia de derechos de autor","author":"EntreMundos","date":"18 marzo, 2014","format":false,"excerpt":"\u00a9 Entre Mundos Revista, 2014. Unauthorized use and\/or duplication of this material without express and written permission from this blog\u2019s authors and\/or owners is strictly prohibited. Excerpts and links may be used, provided that full and clear credit is given to the author of the article and EntreMundos Revista with\u2026","rel":"","context":"Entrada similar","block_context":{"text":"Entrada similar","link":""},"img":{"alt_text":"","src":"","width":0,"height":0},"classes":[]},{"id":1750,"url":"https:\/\/www.entremundos.org\/revista\/em\/?lang=en","url_meta":{"origin":1341,"position":1},"title":"About EM","author":"EntreMundos","date":"15 octubre, 2015","format":false,"excerpt":"The EntreMundos Magazine has been published since 2001 to raise awareness in both Guatemalan and foreign communities on social issues relevant to Guatemala and Central America. It provides a space for independent journalists and writers, as well as for activist, development, and human rights organizations to raise their voices and\u2026","rel":"","context":"Entrada similar","block_context":{"text":"Entrada similar","link":""},"img":{"alt_text":"","src":"","width":0,"height":0},"classes":[]}],"jetpack_sharing_enabled":true,"_links":{"self":[{"href":"https:\/\/www.entremundos.org\/revista\/wp-json\/wp\/v2\/pages\/1341","targetHints":{"allow":["GET"]}}],"collection":[{"href":"https:\/\/www.entremundos.org\/revista\/wp-json\/wp\/v2\/pages"}],"about":[{"href":"https:\/\/www.entremundos.org\/revista\/wp-json\/wp\/v2\/types\/page"}],"author":[{"embeddable":true,"href":"https:\/\/www.entremundos.org\/revista\/wp-json\/wp\/v2\/users\/1"}],"replies":[{"embeddable":true,"href":"https:\/\/www.entremundos.org\/revista\/wp-json\/wp\/v2\/comments?post=1341"}],"version-history":[{"count":3,"href":"https:\/\/www.entremundos.org\/revista\/wp-json\/wp\/v2\/pages\/1341\/revisions"}],"predecessor-version":[{"id":13171,"href":"https:\/\/www.entremundos.org\/revista\/wp-json\/wp\/v2\/pages\/1341\/revisions\/13171"}],"wp:featuredmedia":[{"embeddable":true,"href":"https:\/\/www.entremundos.org\/revista\/wp-json\/wp\/v2\/media\/13056"}],"wp:attachment":[{"href":"https:\/\/www.entremundos.org\/revista\/wp-json\/wp\/v2\/media?parent=1341"}],"curies":[{"name":"wp","href":"https:\/\/api.w.org\/{rel}","templated":true}]}}

PODCAST: RADIO ENTREMUNDOS EDICIÓN 19

<p>Te invitamos a escuchar estos relatos de activistas y periodistas que están en el exilio por la situación de persecución y criminalización en Guatemala. Esta es la primera entrega de una serie de radio ENTREMUNDOS.</p>
<audio class="wp-audio-shortcode" id="audio-1341-1" preload="none" style="width: 100%;" controls="controls"><source type="audio/mpeg" src="https://www.entremundos.org/revista/wp-content/uploads/2025/08/podcast-edicion-19-radio-entremundos.mp3?_=1" /><a href="https://www.entremundos.org/revista/wp-content/uploads/2025/08/podcast-edicion-19-radio-entremundos.mp3">https://www.entremundos.org/revista/wp-content/uploads/2025/08/podcast-edicion-19-radio-entremundos.mp3</a></audio>

<p>Te invitamos a escuchar estos relatos de activistas y periodistas que están en el exilio por la situación de persecución y criminalización en Guatemala. Esta es la primera entrega de una serie de radio ENTREMUNDOS.</p>
